 What are the prime factors of u(w)?
3, 19
Suppose 6086 = -5*u - 4*w, 0 = u + 4*w + 594 + 620. Let h = u - -2651. Suppose h = 13*x + 341. List the prime factors of x.
2, 3, 7
Let z = 57994 - 9713. List the prime factors of z.
48281
Suppose 0 = -4*o + 2*a - a - 127, -2*a = 3*o + 109. Let m = o - -36. List the prime factors of 259/m - (-1)/(-3).
2, 43
Let l(u) = -u**2 - 8*u - 10. Let v be l(-5). Suppose n + x = -1 - 1, -v*n - 3*x - 16 = 0. Let s = n - -39. List the prime factors of s.
2, 17
Suppose 13*c = 1785 + 5027. Let b = c + -363. What are the prime factors of b?
7, 23
Let b(z) = 2773*z - 8576. What are the prime factors of b(27)?
5, 13259
List the prime factors of (9 + -10 - -11) + 5525.
3, 5, 41
Let z = -6853 + 16577. What are the prime factors of z?
2, 11, 13, 17
Let h = -3 - 5. Let u be (-95)/4 - (-1)/(h/(-6)). Let l = 95 + u. What are the prime factors of l?
2, 3
Let o(t) = -973*t + 5519. What are the prime factors of o(5)?
2, 3, 109
Let j = -50 - -50. Suppose b + 185 = 4*x - j*b, b + 5 = 0. Suppose 0 = -m + w + 20, 4*w + x = m + 16. What are the prime factors of m?
17
Let z = 32 - -11. Let u = z + 112. What are the prime factors of u?
5, 31
Let y = 21621 - 2971. List the prime factors of y.
2, 5, 373
Suppose 0 = -83*v + 88*v - 4305. Suppose 4*w - 367 - v = 0. What are the prime factors of w?
307
Let v(w) = -2*w**2 - 24 - w**3 - 2*w**2 - w**2 - 193*w + 179*w. Suppose -7 + 21 = -2*d. List the prime factors of v(d).
2, 43
Let h(i) = 2*i**2 - 9*i - 23. Suppose -5*k - 2*g = -3*g + 38, -4 = k + g. Let b be h(k). Let z = -79 + b. List the prime factors of z.
59
What are the prime factors of (158 + -2)*((-5760)/(-54) - 6)?
2, 13, 151
Suppose 8615*f - 8626*f = -563717. List the prime factors of f.
7, 7321
Suppose -18*k - 106 = -5*i - 19*k, 4*i - 82 = 2*k. Suppose -2*a = 2*t - 26, i*a + 23 = 23*a + 3*t. List the prime factors of a.
2
Let k be 6/(-4)*(28/(-12) - -7). Let o(x) = 2*x**2 + 6*x - 22. What are the prime factors of o(k)?
2, 17
Let a = 25009 - -11492. What are the prime factors of a?
3, 23
Let s = 137 - -547. Let z = s - 336. What are the prime factors of z?
2, 3, 29
Suppose -c - 3*g - 3 = 16, 3*c + 9 = 3*g. What are the prime factors of (-7050)/(-12) - c/14?
2, 3, 7
Suppose y - 5*q = -27, 10 = 3*y + 5*q - 9. List the prime factors of -96*(y - (-10)/6).
2
Suppose -9*i + 7 = -11. Let h be -4 + (16 - 5) - i. What are the prime factors of 1*2*25*(h + -3)?
2, 5
Let i(a) = -2. Let b(n) = 191*n - 38. Let l(t) = -b(t) + 3*i(t). What are the prime factors of l(-7)?
37
Suppose -4*n + 2*u + 3182 = 0, -4*u + 1422 = 4*n - 1790. Let m = n + -288. List the prime factors of m.
2, 3, 5, 17
Let p(g) = -g**3 - 3*g**2 - 8*g - 16. Let r be p(-3). Suppose -2*c - 4 = -r. Suppose -3*d + 59 = -2*d + c*o, 4*d + 4*o - 256 = 0. List the prime factors of d.
3, 23
Let i = -776 - -797. Suppose -i*a = -7*a - 15932. What are the prime factors of a?
2, 569
Suppose -4117164 = -117*d - 30*d - 156*d. What are the prime factors of d?
2, 43, 79
Suppose 8*g = 16 + 24. What are the prime factors of (2/2)/(g/1970 + 0)?
2, 197
Suppose 5*v - 25 + 15 = 0. Let h(b) = 2*b**3 - 7*b**2 + b - 9. Let f be h(5). Suppose -v*k + f = -77. What are the prime factors of k?
2, 37
Let w be (-18867)/5 + (30/25)/(-2). Let n = w + 5645. What are the prime factors of n?
1871
Let i(h) = 195*h**2 - 317*h + 3. What are the prime factors of i(-8)?
23, 653
Let i = 20 + 8. Let k = i - 24. Suppose -135 + 503 = k*r. What are the prime factors of r?
2, 23
Suppose 5*j - 41915 = 5*f, -8371 = 15*j - 16*j - f. What are the prime factors of j?
8377
Suppose -6*i - 1200 = -4080. Suppose -7*c + i = -2*c. What are the prime factors of c?
2, 3
Let h = -28607 - -42962. List the prime factors of h.
3, 5, 11, 29
Let t be (-33)/(-22)*(-6596)/(-3). Suppose t + 11376 = 11*n. What are the prime factors of n?
2, 23, 29
Suppose 9821 = 3*f - 230*w + 232*w, 0 = -4*f + 9*w + 13048. What are the prime factors of f?
3271
Suppose 0 = -9*i + 4*i. Let j(y) = 221 + i*y**3 + y**3 - 5*y**2 + 7*y - 238 + 0*y**3. List the prime factors of j(7).
2, 5, 13
Suppose 8*b + 726 + 354 = 0. Suppose 11*z + 300 = 5*z. Let x = z - b. What are the prime factors of x?
5, 17
Suppose -4*g - 10*k + 12*k = -1694, 4*g + 2*k - 1682 = 0. What are the prime factors of -2 + g - 1/(3/(-9))?
3, 47
Suppose 0*d = -d + 3. Let w be (-104)/(-12)*(-1)/(-2)*d. List the prime factors of (w/2 + -1)/(22/352).
2, 11
Suppose 0 = 64*b - 315856 - 1295472. What are the prime factors of b?
17, 1481
Suppose 2*j + 32 = 4*f + j, 5*j = 20. Suppose -b + f = 7. Suppose -b*h + 144 + 74 = 0. What are the prime factors of h?
109
Let y(c) = 4*c**3 + 25*c**2 - 22*c + 21. List the prime factors of y(10).
6301
Suppose 5*m = 15*l - 18*l + 116892, m = -3*l + 116904. List the prime factors of l.
7, 19, 293
Suppose 20*r - 219553 = -3*j + 16*r, -292788 = -4*j + r. What are the prime factors of j?
5, 14639
Suppose -4*u - 1910 = -3*v, 24*u - 28*u + 3130 = 5*v. Let x = -422 + v. What are the prime factors of x?
2, 13
Let w(c) = -90*c**3 + 14*c**2 + 23*c + 1. Let z be w(-2). Suppose -x + z = -2*i, x + 4*i + 3661 = 6*x. List the prime factors of x.
733
Let r = 38375 - 21759. List the prime factors of r.
2, 31, 67
Let m = -46 + 49. Suppose 4*i - m*d + 13 = -2*d, -25 = -5*d. What are the prime factors of (2/3)/(i/(-264) + 0)?
2, 11
Let l = 378 + -375. Suppose -2*j = l*c - 105 - 462, -2*c = -2*j + 542. What are the prime factors of j?
2, 3, 23
Let h = -12 - 0. Let j = h - -20. Let s = j - -65. List the prime factors of s.
73
Let d = 1560 + -996. Let n = d - 193. List the prime factors of n.
7, 53
Let b be -3 + 11 + 12/4. Let q(o) be the first derivative of 19*o**2/2 + 6*o + 78. What are the prime factors of q(b)?
5, 43
Let v be ((-11)/77)/(5/(-7630)). Suppose 0 = z + 74 + 7. Let b = v + z. What are the prime factors of b?
137
Let p = 47 + -43. Suppose -m + 2*t + 149 = 0, -p*t - 601 = -3*m - 154. Let h = m - 75. List the prime factors of h.
2, 37
Let x = 551 + -324. Let v = 418 - x. Let y = v + -68. List the prime factors of y.
3, 41
Let t be 190*(205/10 - 1). Suppose -12*a = a - t. Let z = a + -164. What are the prime factors of z?
11
Suppose 3*n - 275 - 45 = -4*f, -2*f + 166 = 3*n. Let q = 548 + f. List the prime factors of q.
5
Let a = -93 - -263. Suppose 0 = 3*w - h - 466, -w = -7*h + 3*h - a. What are the prime factors of w?
2, 7, 11
List the prime factors of (4 - 252)*-10*4*(7 - 2).
2, 5, 31
Suppose 95*t - 912435 = -113295. What are the prime factors of t?
2, 3, 701
Let h = 188019 + -123491. What are the prime factors of h?
2, 37, 109
Let q(i) = 3*i + 8. Let p be q(0). Suppose 4*m - 4*c = 1596, -p*m + 1578 = -4*m + 5*c. What are the prime factors of m?
397
Let g be ((-60)/(-18) + -4)/(1/3). List the prime factors of (-299)/4*(g + -2).
13, 23
Suppose -3*g = 4*k - 14823, -2*g + 3*k - 4936 = -3*g. List the prime factors of g.
5, 23, 43
Let k be (-8688)/(-16)*2/6. Suppose -k = -2*a + 73. Suppose -2*z + h - a = -6*z, z - 2*h - 43 = 0. What are the prime factors of z?
3, 11
Let s = 97 + -65. Suppose s = -0*h + 3*h + 4*r, -h + 6 = -r. Suppose -4*y + 56 + h = 0. What are the prime factors of y?
2
Let g(s) = -31*s + 43. Let p(o) = -21*o + 29. Let y(q) = -5*g(q) + 7*p(q). List the prime factors of y(20).
2, 37
List the prime factors of (7 - (-6 + 9)) + 9053.
3, 3019
Suppose -5*v + 25 = 2*g + 16, 4*g + v = 9. Suppose 2 = g*b - 14. What are the prime factors of b?
2
Let v(t) = -t**3 + 6*t**2 + t + 36. Let l be v(7). List the prime factors of (l*(-3)/(-9))/((-1)/166).
2, 83
Let t(q) = -271*q + 101. Let m(w) = -w**3 + 17*w**2 - 17*w + 11. Let o be m(16). What are the prime factors of t(o)?
2, 7, 13
Suppose 7*d - 282 = 4*d. Let t(h) = -3*h - 5. Let a be t(5). Let c = d + a. List the prime factors of c.
2, 37
Let o(x) = 2*x**2 + 23*x - 225. Let z be o(-40). List the prime factors of (-4 - z/(-5))*(6 - 5).
11, 37
Let a(o) = 13*o**3 + 13*o**2 + 14*o + 50. List the prime factors of a(13).
2, 3, 5, 1033
List the prime factors of (-25 + 1)*(-19)/228*2733.
2, 3, 911
List the prime factors of 3596/((3 + 2)/(-70)*-2).
2, 7, 29, 31
Suppose 13977 = 2*r + 3*g, 34880 = 5*r - g - 4*g. What are the prime factors of r?
3, 13, 179
Suppose 2*c + 2*t - 5*t = 2288, -t - 4 = 0. List the prime factors of c.
2, 569
Suppose -w - 5